{"id":9682,"date":"2025-02-20T13:42:25","date_gmt":"2025-02-20T16:42:25","guid":{"rendered":"https:\/\/promoalge.com.br\/?post_type=product&#038;p=9682"},"modified":"2025-02-20T13:42:25","modified_gmt":"2025-02-20T16:42:25","slug":"kit-para-churrasco-chimarrao-terere-5-pcs-pr-kt90332","status":"publish","type":"product","link":"https:\/\/promoalge.com.br\/?product=kit-para-churrasco-chimarrao-terere-5-pcs-pr-kt90332","title":{"rendered":"Kit Para Churrasco \/ Chimarr\u00e3o \/ Terere &#8211; 5 P\u00e7s &#8211; PR KT90332"},"content":{"rendered":"","protected":false},"excerpt":{"rendered":"<p>Kit para churrasco. Composto por t\u00e1bua em Bambu; faca 7&#8243; e garfo em a\u00e7o Madeira\/Inox; cuia em A\u00e7o Inox; bomba para Chimarr\u00e3o\/Terer\u00e9. T\u00e1bua confeccionada com tripla camada invertida, para dar maior durabilidade e n\u00e3o deformar com o passar do tempo. Como cortesia, na faca 7&#8243; fazemos uma grava\u00e7\u00e3o com os cortes do boi. Cuia confeccionada com dupla parede de inox 250 ml. Conta com dupla parede de inox, isoladas a v\u00e1cuo.<\/p>\n<p>Quantidade minima de 50 unidades<\/p>\n","protected":false},"featured_media":9683,"template":"","meta":[],"product_brand":[],"product_cat":[412],"product_tag":[],"class_list":{"0":"post-9682","1":"product","2":"type-product","3":"status-publish","4":"has-post-thumbnail","6":"product_cat-kits-churrasco","8":"first","9":"instock","10":"shipping-taxable","11":"product-type-simple"},"_links":{"self":[{"href":"https:\/\/promoalge.com.br\/index.php?rest_route=\/wp\/v2\/product\/9682","targetHints":{"allow":["GET"]}}],"collection":[{"href":"https:\/\/promoalge.com.br\/index.php?rest_route=\/wp\/v2\/product"}],"about":[{"href":"https:\/\/promoalge.com.br\/index.php?rest_route=\/wp\/v2\/types\/product"}],"wp:featuredmedia":[{"embeddable":true,"href":"https:\/\/promoalge.com.br\/index.php?rest_route=\/wp\/v2\/media\/9683"}],"wp:attachment":[{"href":"https:\/\/promoalge.com.br\/index.php?rest_route=%2Fwp%2Fv2%2Fmedia&parent=9682"}],"wp:term":[{"taxonomy":"product_brand","embeddable":true,"href":"https:\/\/promoalge.com.br\/index.php?rest_route=%2Fwp%2Fv2%2Fproduct_brand&post=9682"},{"taxonomy":"product_cat","embeddable":true,"href":"https:\/\/promoalge.com.br\/index.php?rest_route=%2Fwp%2Fv2%2Fproduct_cat&post=9682"},{"taxonomy":"product_tag","embeddable":true,"href":"https:\/\/promoalge.com.br\/index.php?rest_route=%2Fwp%2Fv2%2Fproduct_tag&post=9682"}],"curies":[{"name":"wp","href":"https:\/\/api.w.org\/{rel}","templated":true}]}}