{"id":9783,"date":"2025-02-25T13:55:11","date_gmt":"2025-02-25T16:55:11","guid":{"rendered":"https:\/\/promoalge.com.br\/?post_type=product&#038;p=9783"},"modified":"2025-02-25T13:55:11","modified_gmt":"2025-02-25T16:55:11","slug":"kit-office-4-pcs-pr-kt9043y","status":"publish","type":"product","link":"https:\/\/promoalge.com.br\/?product=kit-office-4-pcs-pr-kt9043y","title":{"rendered":"Kit Office &#8211; 4 P\u00e7s &#8211; PR KT9043Y"},"content":{"rendered":"","protected":false},"excerpt":{"rendered":"<p>Kit office. Conta com uma caderneta de 80 folhas preto; porta-cart\u00e3o em material sint\u00e9tico preto texturizado e metal cromado para aproximadamente 20 cart\u00f5es; caneta esferogr\u00e1fica em metal com corpo revestido em material sint\u00e9tico preto texturizado; chaveiro em metal com material sint\u00e9tico preto.<\/p>\n<p>Quantidade m\u00ednima de 50 unidades.<\/p>\n","protected":false},"featured_media":9784,"template":"","meta":[],"product_brand":[],"product_cat":[407],"product_tag":[],"class_list":{"0":"post-9783","1":"product","2":"type-product","3":"status-publish","4":"has-post-thumbnail","6":"product_cat-conjuntos","8":"first","9":"instock","10":"shipping-taxable","11":"product-type-simple"},"_links":{"self":[{"href":"https:\/\/promoalge.com.br\/index.php?rest_route=\/wp\/v2\/product\/9783","targetHints":{"allow":["GET"]}}],"collection":[{"href":"https:\/\/promoalge.com.br\/index.php?rest_route=\/wp\/v2\/product"}],"about":[{"href":"https:\/\/promoalge.com.br\/index.php?rest_route=\/wp\/v2\/types\/product"}],"wp:featuredmedia":[{"embeddable":true,"href":"https:\/\/promoalge.com.br\/index.php?rest_route=\/wp\/v2\/media\/9784"}],"wp:attachment":[{"href":"https:\/\/promoalge.com.br\/index.php?rest_route=%2Fwp%2Fv2%2Fmedia&parent=9783"}],"wp:term":[{"taxonomy":"product_brand","embeddable":true,"href":"https:\/\/promoalge.com.br\/index.php?rest_route=%2Fwp%2Fv2%2Fproduct_brand&post=9783"},{"taxonomy":"product_cat","embeddable":true,"href":"https:\/\/promoalge.com.br\/index.php?rest_route=%2Fwp%2Fv2%2Fproduct_cat&post=9783"},{"taxonomy":"product_tag","embeddable":true,"href":"https:\/\/promoalge.com.br\/index.php?rest_route=%2Fwp%2Fv2%2Fproduct_tag&post=9783"}],"curies":[{"name":"wp","href":"https:\/\/api.w.org\/{rel}","templated":true}]}}