{"id":9788,"date":"2025-02-28T13:48:35","date_gmt":"2025-02-28T16:48:35","guid":{"rendered":"https:\/\/promoalge.com.br\/?post_type=product&#038;p=9788"},"modified":"2025-02-28T13:48:35","modified_gmt":"2025-02-28T16:48:35","slug":"kit-para-cafe-com-prensa-francesa-8-pcs-kt90280","status":"publish","type":"product","link":"https:\/\/promoalge.com.br\/?product=kit-para-cafe-com-prensa-francesa-8-pcs-kt90280","title":{"rendered":"Kit Para Caf\u00e9 Com Prensa Francesa &#8211; 8 P\u00e7s  KT90280"},"content":{"rendered":"","protected":false},"excerpt":{"rendered":"<p>Cafeteira prensa francesa em vidro, duas x\u00edcaras com pires em vidro, duas colheres em inox e uma colher em bambu de 18 cm. Grava\u00e7\u00e3o a laser na cafeteira e serigrafia em 1 cor na caixa.<\/p>\n<p>* M\u00ednimo 50 unidades.<\/p>\n","protected":false},"featured_media":9791,"template":"","meta":[],"product_brand":[],"product_cat":[49,407],"product_tag":[],"class_list":{"0":"post-9788","1":"product","2":"type-product","3":"status-publish","4":"has-post-thumbnail","6":"product_cat-bar-queijo-vinhos","7":"product_cat-conjuntos","9":"first","10":"instock","11":"shipping-taxable","12":"product-type-simple"},"_links":{"self":[{"href":"https:\/\/promoalge.com.br\/index.php?rest_route=\/wp\/v2\/product\/9788","targetHints":{"allow":["GET"]}}],"collection":[{"href":"https:\/\/promoalge.com.br\/index.php?rest_route=\/wp\/v2\/product"}],"about":[{"href":"https:\/\/promoalge.com.br\/index.php?rest_route=\/wp\/v2\/types\/product"}],"wp:featuredmedia":[{"embeddable":true,"href":"https:\/\/promoalge.com.br\/index.php?rest_route=\/wp\/v2\/media\/9791"}],"wp:attachment":[{"href":"https:\/\/promoalge.com.br\/index.php?rest_route=%2Fwp%2Fv2%2Fmedia&parent=9788"}],"wp:term":[{"taxonomy":"product_brand","embeddable":true,"href":"https:\/\/promoalge.com.br\/index.php?rest_route=%2Fwp%2Fv2%2Fproduct_brand&post=9788"},{"taxonomy":"product_cat","embeddable":true,"href":"https:\/\/promoalge.com.br\/index.php?rest_route=%2Fwp%2Fv2%2Fproduct_cat&post=9788"},{"taxonomy":"product_tag","embeddable":true,"href":"https:\/\/promoalge.com.br\/index.php?rest_route=%2Fwp%2Fv2%2Fproduct_tag&post=9788"}],"curies":[{"name":"wp","href":"https:\/\/api.w.org\/{rel}","templated":true}]}}