{"id":9809,"date":"2025-03-07T11:05:06","date_gmt":"2025-03-07T14:05:06","guid":{"rendered":"https:\/\/promoalge.com.br\/?post_type=product&#038;p=9809"},"modified":"2025-08-12T15:04:34","modified_gmt":"2025-08-12T18:04:34","slug":"caneca-com-misturador-400ml-pr-14806","status":"publish","type":"product","link":"https:\/\/promoalge.com.br\/?product=caneca-com-misturador-400ml-pr-14806","title":{"rendered":"Caneca com Misturador 400ml &#8211; PR 14806"},"content":{"rendered":"","protected":false},"excerpt":{"rendered":"<p>Descri\u00e7\u00e3o: Caneca pl\u00e1stica com misturador 400ml com a parte interna em inox. Acompanha tampa pl\u00e1stica. Possui uma h\u00e9lice remov\u00edvel no formato capsula. Para o funcionamento \u00e9 necess\u00e1rio 2 pilhas AAA. OBS: N\u00e3o acompanha pilha.<\/p>\n<p>Altura :  14,5 cm<\/p>\n<p>Largura :  13,2 cm<\/p>\n<p>Circunfer\u00eancia :  29,2 cm<\/p>\n<p>Quantidade m\u00ednima de 50 unidades.<\/p>\n","protected":false},"featured_media":9810,"template":"","meta":[],"product_brand":[],"product_cat":[237],"product_tag":[],"class_list":{"0":"post-9809","1":"product","2":"type-product","3":"status-publish","4":"has-post-thumbnail","6":"product_cat-metalicas","8":"first","9":"instock","10":"shipping-taxable","11":"product-type-simple"},"_links":{"self":[{"href":"https:\/\/promoalge.com.br\/index.php?rest_route=\/wp\/v2\/product\/9809","targetHints":{"allow":["GET"]}}],"collection":[{"href":"https:\/\/promoalge.com.br\/index.php?rest_route=\/wp\/v2\/product"}],"about":[{"href":"https:\/\/promoalge.com.br\/index.php?rest_route=\/wp\/v2\/types\/product"}],"wp:featuredmedia":[{"embeddable":true,"href":"https:\/\/promoalge.com.br\/index.php?rest_route=\/wp\/v2\/media\/9810"}],"wp:attachment":[{"href":"https:\/\/promoalge.com.br\/index.php?rest_route=%2Fwp%2Fv2%2Fmedia&parent=9809"}],"wp:term":[{"taxonomy":"product_brand","embeddable":true,"href":"https:\/\/promoalge.com.br\/index.php?rest_route=%2Fwp%2Fv2%2Fproduct_brand&post=9809"},{"taxonomy":"product_cat","embeddable":true,"href":"https:\/\/promoalge.com.br\/index.php?rest_route=%2Fwp%2Fv2%2Fproduct_cat&post=9809"},{"taxonomy":"product_tag","embeddable":true,"href":"https:\/\/promoalge.com.br\/index.php?rest_route=%2Fwp%2Fv2%2Fproduct_tag&post=9809"}],"curies":[{"name":"wp","href":"https:\/\/api.w.org\/{rel}","templated":true}]}}