{"id":9817,"date":"2025-03-07T13:16:15","date_gmt":"2025-03-07T16:16:15","guid":{"rendered":"https:\/\/promoalge.com.br\/?post_type=product&#038;p=9817"},"modified":"2025-03-07T13:16:15","modified_gmt":"2025-03-07T16:16:15","slug":"garrafa-aluminio-800ml-pr-18726a","status":"publish","type":"product","link":"https:\/\/promoalge.com.br\/?product=garrafa-aluminio-800ml-pr-18726a","title":{"rendered":"Garrafa Alum\u00ednio 800ml &#8211; PR 18726A"},"content":{"rendered":"","protected":false},"excerpt":{"rendered":"<p>Descri\u00e7\u00e3o: Esta garrafa de alum\u00ednio de 800ml \u00e9 a escolha perfeita para quem valoriza praticidade no dia a dia. Com uma tampa rosque\u00e1vel, ela oferece toda a seguran\u00e7a e facilidade para manter suas bebidas sempre \u00e0 m\u00e3o. Perfeita para quem busca qualidade e uma aliada para a sua rotina.<\/p>\n<p>Altura :  22,6 cm<\/p>\n<p>Largura :  7,3 cm<\/p>\n<p>Circunfer\u00eancia :  23,1 cm<\/p>\n<p>Quantidade m\u00ednima de 50 unidades.<\/p>\n","protected":false},"featured_media":9818,"template":"","meta":[],"product_brand":[],"product_cat":[237],"product_tag":[],"class_list":{"0":"post-9817","1":"product","2":"type-product","3":"status-publish","4":"has-post-thumbnail","6":"product_cat-metalicas","8":"first","9":"instock","10":"shipping-taxable","11":"product-type-simple"},"_links":{"self":[{"href":"https:\/\/promoalge.com.br\/index.php?rest_route=\/wp\/v2\/product\/9817","targetHints":{"allow":["GET"]}}],"collection":[{"href":"https:\/\/promoalge.com.br\/index.php?rest_route=\/wp\/v2\/product"}],"about":[{"href":"https:\/\/promoalge.com.br\/index.php?rest_route=\/wp\/v2\/types\/product"}],"wp:featuredmedia":[{"embeddable":true,"href":"https:\/\/promoalge.com.br\/index.php?rest_route=\/wp\/v2\/media\/9818"}],"wp:attachment":[{"href":"https:\/\/promoalge.com.br\/index.php?rest_route=%2Fwp%2Fv2%2Fmedia&parent=9817"}],"wp:term":[{"taxonomy":"product_brand","embeddable":true,"href":"https:\/\/promoalge.com.br\/index.php?rest_route=%2Fwp%2Fv2%2Fproduct_brand&post=9817"},{"taxonomy":"product_cat","embeddable":true,"href":"https:\/\/promoalge.com.br\/index.php?rest_route=%2Fwp%2Fv2%2Fproduct_cat&post=9817"},{"taxonomy":"product_tag","embeddable":true,"href":"https:\/\/promoalge.com.br\/index.php?rest_route=%2Fwp%2Fv2%2Fproduct_tag&post=9817"}],"curies":[{"name":"wp","href":"https:\/\/api.w.org\/{rel}","templated":true}]}}