{"id":9881,"date":"2025-03-13T14:35:28","date_gmt":"2025-03-13T17:35:28","guid":{"rendered":"http:\/\/promoalge.com.br\/?post_type=product&#038;p=9881"},"modified":"2025-08-07T17:23:03","modified_gmt":"2025-08-07T20:23:03","slug":"copo-de-vidro-500ml-pr-01001","status":"publish","type":"product","link":"https:\/\/promoalge.com.br\/?product=copo-de-vidro-500ml-pr-01001","title":{"rendered":"Copo de Vidro 500ml &#8211; PR 01001"},"content":{"rendered":"","protected":false},"excerpt":{"rendered":"<p>Descri\u00e7\u00e3o: Copo de vidro borossilicato com capacidade de 500ml. Inclui canudo e tampa de bambu com abertura para canudo, al\u00e9m de uma luva de silicone para melhor ader\u00eancia.<\/p>\n<p>Altura :  19,3 cm<\/p>\n<p>Largura :  6,9 cm<\/p>\n<p>Circunfer\u00eancia :  21,7 cm<\/p>\n<p>Comprimento :  canudo: 22 cm<\/p>\n<p>Quantidade m\u00ednima de 50 unidades.<\/p>\n","protected":false},"featured_media":9882,"template":"","meta":[],"product_brand":[],"product_cat":[237,418],"product_tag":[],"class_list":{"0":"post-9881","1":"product","2":"type-product","3":"status-publish","4":"has-post-thumbnail","6":"product_cat-metalicas","7":"product_cat-porcelana-e-vidros","9":"first","10":"instock","11":"shipping-taxable","12":"product-type-simple"},"_links":{"self":[{"href":"https:\/\/promoalge.com.br\/index.php?rest_route=\/wp\/v2\/product\/9881","targetHints":{"allow":["GET"]}}],"collection":[{"href":"https:\/\/promoalge.com.br\/index.php?rest_route=\/wp\/v2\/product"}],"about":[{"href":"https:\/\/promoalge.com.br\/index.php?rest_route=\/wp\/v2\/types\/product"}],"wp:featuredmedia":[{"embeddable":true,"href":"https:\/\/promoalge.com.br\/index.php?rest_route=\/wp\/v2\/media\/9882"}],"wp:attachment":[{"href":"https:\/\/promoalge.com.br\/index.php?rest_route=%2Fwp%2Fv2%2Fmedia&parent=9881"}],"wp:term":[{"taxonomy":"product_brand","embeddable":true,"href":"https:\/\/promoalge.com.br\/index.php?rest_route=%2Fwp%2Fv2%2Fproduct_brand&post=9881"},{"taxonomy":"product_cat","embeddable":true,"href":"https:\/\/promoalge.com.br\/index.php?rest_route=%2Fwp%2Fv2%2Fproduct_cat&post=9881"},{"taxonomy":"product_tag","embeddable":true,"href":"https:\/\/promoalge.com.br\/index.php?rest_route=%2Fwp%2Fv2%2Fproduct_tag&post=9881"}],"curies":[{"name":"wp","href":"https:\/\/api.w.org\/{rel}","templated":true}]}}