{"id":9905,"date":"2025-03-13T16:24:08","date_gmt":"2025-03-13T19:24:08","guid":{"rendered":"http:\/\/promoalge.com.br\/?post_type=product&#038;p=9905"},"modified":"2025-03-19T20:26:13","modified_gmt":"2025-03-19T23:26:13","slug":"sacola-rpet-termica-10-litros-pr-01699","status":"publish","type":"product","link":"https:\/\/promoalge.com.br\/?product=sacola-rpet-termica-10-litros-pr-01699","title":{"rendered":"Sacola rPET T\u00e9rmica 10 Litros &#8211; PR 01699"},"content":{"rendered":"","protected":false},"excerpt":{"rendered":"<p>Descri\u00e7\u00e3o: Sacola t\u00e9rmica de rPET com capacidade de 10 litros, cont\u00e9m fechamento com z\u00edper.<\/p>\n<p>Altura :  31,3 cm<\/p>\n<p>Largura :  39,2 cm<\/p>\n<p>Profundidade :  15,5 cm<\/p>\n<p>Quantidade m\u00ednima de 50 unidades.<\/p>\n","protected":false},"featured_media":9906,"template":"","meta":[],"product_brand":[],"product_cat":[410,414],"product_tag":[],"class_list":{"0":"post-9905","1":"product","2":"type-product","3":"status-publish","4":"has-post-thumbnail","6":"product_cat-eventos-pastas-pvc","7":"product_cat-praia-verao","9":"first","10":"instock","11":"shipping-taxable","12":"product-type-simple"},"_links":{"self":[{"href":"https:\/\/promoalge.com.br\/index.php?rest_route=\/wp\/v2\/product\/9905","targetHints":{"allow":["GET"]}}],"collection":[{"href":"https:\/\/promoalge.com.br\/index.php?rest_route=\/wp\/v2\/product"}],"about":[{"href":"https:\/\/promoalge.com.br\/index.php?rest_route=\/wp\/v2\/types\/product"}],"wp:featuredmedia":[{"embeddable":true,"href":"https:\/\/promoalge.com.br\/index.php?rest_route=\/wp\/v2\/media\/9906"}],"wp:attachment":[{"href":"https:\/\/promoalge.com.br\/index.php?rest_route=%2Fwp%2Fv2%2Fmedia&parent=9905"}],"wp:term":[{"taxonomy":"product_brand","embeddable":true,"href":"https:\/\/promoalge.com.br\/index.php?rest_route=%2Fwp%2Fv2%2Fproduct_brand&post=9905"},{"taxonomy":"product_cat","embeddable":true,"href":"https:\/\/promoalge.com.br\/index.php?rest_route=%2Fwp%2Fv2%2Fproduct_cat&post=9905"},{"taxonomy":"product_tag","embeddable":true,"href":"https:\/\/promoalge.com.br\/index.php?rest_route=%2Fwp%2Fv2%2Fproduct_tag&post=9905"}],"curies":[{"name":"wp","href":"https:\/\/api.w.org\/{rel}","templated":true}]}}