{"id":9913,"date":"2025-03-13T16:42:21","date_gmt":"2025-03-13T19:42:21","guid":{"rendered":"http:\/\/promoalge.com.br\/?post_type=product&#038;p=9913"},"modified":"2025-03-13T16:42:42","modified_gmt":"2025-03-13T19:42:42","slug":"bloco-de-anotacoes-com-autoadesivos-e-caneta-pr-06106","status":"publish","type":"product","link":"https:\/\/promoalge.com.br\/?product=bloco-de-anotacoes-com-autoadesivos-e-caneta-pr-06106","title":{"rendered":"Bloco de Anota\u00e7\u00f5es com Autoadesivos e Caneta &#8211; PR 06106"},"content":{"rendered":"","protected":false},"excerpt":{"rendered":"<p>Descri\u00e7\u00e3o: Tudo em seu lugar, prontinho para as anota\u00e7\u00f5es! Nosso Bloco de Anota\u00e7\u00f5es Ecol\u00f3gico \u00e9 perfeito para manter a organiza\u00e7\u00e3o enquanto se registra ideias. Feito de material kraft, ele vem com 100 folhas brancas para anota\u00e7\u00f5es, 5 marcadores autoadesivos coloridos para destacar o que \u00e9 importante, 7 clips guardados em uma gavetinha pr\u00e1tica e uma mini caneta de papel\u00e3o com carga esferogr\u00e1fica azul. E ainda conta com espa\u00e7o para armazenar a caneta e dois suportes porta-caneta, garantindo praticidade no dia a dia. Este bloco \u00e9 tudo o que o seu cliente precisa para dias repletos de anota\u00e7\u00f5es.<\/p>\n<p>Altura :  16,3 cm<\/p>\n<p>Largura :  10,6 cm<\/p>\n<p>Espessura :  2,1 cm<\/p>\n<p>Quantidade m\u00ednima de 50 unidades<\/p>\n","protected":false},"featured_media":9914,"template":"","meta":[],"product_brand":[],"product_cat":[409],"product_tag":[],"class_list":{"0":"post-9913","1":"product","2":"type-product","3":"status-publish","4":"has-post-thumbnail","6":"product_cat-escritorio","8":"first","9":"instock","10":"shipping-taxable","11":"product-type-simple"},"_links":{"self":[{"href":"https:\/\/promoalge.com.br\/index.php?rest_route=\/wp\/v2\/product\/9913","targetHints":{"allow":["GET"]}}],"collection":[{"href":"https:\/\/promoalge.com.br\/index.php?rest_route=\/wp\/v2\/product"}],"about":[{"href":"https:\/\/promoalge.com.br\/index.php?rest_route=\/wp\/v2\/types\/product"}],"wp:featuredmedia":[{"embeddable":true,"href":"https:\/\/promoalge.com.br\/index.php?rest_route=\/wp\/v2\/media\/9914"}],"wp:attachment":[{"href":"https:\/\/promoalge.com.br\/index.php?rest_route=%2Fwp%2Fv2%2Fmedia&parent=9913"}],"wp:term":[{"taxonomy":"product_brand","embeddable":true,"href":"https:\/\/promoalge.com.br\/index.php?rest_route=%2Fwp%2Fv2%2Fproduct_brand&post=9913"},{"taxonomy":"product_cat","embeddable":true,"href":"https:\/\/promoalge.com.br\/index.php?rest_route=%2Fwp%2Fv2%2Fproduct_cat&post=9913"},{"taxonomy":"product_tag","embeddable":true,"href":"https:\/\/promoalge.com.br\/index.php?rest_route=%2Fwp%2Fv2%2Fproduct_tag&post=9913"}],"curies":[{"name":"wp","href":"https:\/\/api.w.org\/{rel}","templated":true}]}}