{"id":992,"date":"2018-06-28T18:06:57","date_gmt":"2018-06-28T21:06:57","guid":{"rendered":"http:\/\/promoalge.com.br\/?post_type=product&#038;p=992"},"modified":"2022-08-17T15:42:56","modified_gmt":"2022-08-17T18:42:56","slug":"kit-queijo-pr2937","status":"publish","type":"product","link":"https:\/\/promoalge.com.br\/?product=kit-queijo-pr2937","title":{"rendered":"Kit Queijo &#8211; PR2937"},"content":{"rendered":"","protected":false},"excerpt":{"rendered":"<p>Kit queijo 4 pe\u00e7as com base de madeira com im\u00e3s. Possui: faca reta, faca com ponta, esp\u00e1tula e garfo inox com formato do polegador no cabo de madeira. Base retangular com quatro im\u00e3s superiores. Grava\u00e7\u00e3o a laser nos talheres e base em madeira.<\/p>\n<p>Medidas:<\/p>\n<div class=\"desc\">\n<p class=\"desc-tit\">Altura<span class=\"desc-sub\">\u00a0:\u00a0 14,9 cm<\/span><\/p>\n<\/div>\n<div class=\"desc\">\n<p class=\"desc-tit\">Largura<span class=\"desc-sub\">\u00a0:\u00a0 7,5 cm<\/span><\/p>\n<ul>\n<li>Minimo 50 unidades.<\/li>\n<\/ul>\n<\/div>\n","protected":false},"featured_media":8154,"template":"","meta":[],"product_brand":[],"product_cat":[49],"product_tag":[],"class_list":{"0":"post-992","1":"product","2":"type-product","3":"status-publish","4":"has-post-thumbnail","6":"product_cat-bar-queijo-vinhos","8":"first","9":"instock","10":"shipping-taxable","11":"product-type-simple"},"_links":{"self":[{"href":"https:\/\/promoalge.com.br\/index.php?rest_route=\/wp\/v2\/product\/992","targetHints":{"allow":["GET"]}}],"collection":[{"href":"https:\/\/promoalge.com.br\/index.php?rest_route=\/wp\/v2\/product"}],"about":[{"href":"https:\/\/promoalge.com.br\/index.php?rest_route=\/wp\/v2\/types\/product"}],"wp:featuredmedia":[{"embeddable":true,"href":"https:\/\/promoalge.com.br\/index.php?rest_route=\/wp\/v2\/media\/8154"}],"wp:attachment":[{"href":"https:\/\/promoalge.com.br\/index.php?rest_route=%2Fwp%2Fv2%2Fmedia&parent=992"}],"wp:term":[{"taxonomy":"product_brand","embeddable":true,"href":"https:\/\/promoalge.com.br\/index.php?rest_route=%2Fwp%2Fv2%2Fproduct_brand&post=992"},{"taxonomy":"product_cat","embeddable":true,"href":"https:\/\/promoalge.com.br\/index.php?rest_route=%2Fwp%2Fv2%2Fproduct_cat&post=992"},{"taxonomy":"product_tag","embeddable":true,"href":"https:\/\/promoalge.com.br\/index.php?rest_route=%2Fwp%2Fv2%2Fproduct_tag&post=992"}],"curies":[{"name":"wp","href":"https:\/\/api.w.org\/{rel}","templated":true}]}}