{"id":999,"date":"2018-07-09T14:32:55","date_gmt":"2018-07-09T17:32:55","guid":{"rendered":"http:\/\/promoalge.com.br\/?post_type=product&#038;p=999"},"modified":"2020-03-12T19:23:24","modified_gmt":"2020-03-12T22:23:24","slug":"chaveiro-metalico-ch00010","status":"publish","type":"product","link":"https:\/\/promoalge.com.br\/?product=chaveiro-metalico-ch00010","title":{"rendered":"Chaveiro Met\u00e1lico &#8211; CH00010"},"content":{"rendered":"","protected":false},"excerpt":{"rendered":"<p>Chaveiro em metal cromado brilhante com corpo girat\u00f3rio cromado fosco, possui argola com \u00d8 3,3cm. Grava\u00e7\u00e3o a laser.<\/p>\n","protected":false},"featured_media":4946,"template":"","meta":[],"product_brand":[],"product_cat":[406],"product_tag":[],"class_list":{"0":"post-999","1":"product","2":"type-product","3":"status-publish","4":"has-post-thumbnail","6":"product_cat-chaveiros","8":"first","9":"instock","10":"shipping-taxable","11":"product-type-simple"},"_links":{"self":[{"href":"https:\/\/promoalge.com.br\/index.php?rest_route=\/wp\/v2\/product\/999","targetHints":{"allow":["GET"]}}],"collection":[{"href":"https:\/\/promoalge.com.br\/index.php?rest_route=\/wp\/v2\/product"}],"about":[{"href":"https:\/\/promoalge.com.br\/index.php?rest_route=\/wp\/v2\/types\/product"}],"wp:featuredmedia":[{"embeddable":true,"href":"https:\/\/promoalge.com.br\/index.php?rest_route=\/wp\/v2\/media\/4946"}],"wp:attachment":[{"href":"https:\/\/promoalge.com.br\/index.php?rest_route=%2Fwp%2Fv2%2Fmedia&parent=999"}],"wp:term":[{"taxonomy":"product_brand","embeddable":true,"href":"https:\/\/promoalge.com.br\/index.php?rest_route=%2Fwp%2Fv2%2Fproduct_brand&post=999"},{"taxonomy":"product_cat","embeddable":true,"href":"https:\/\/promoalge.com.br\/index.php?rest_route=%2Fwp%2Fv2%2Fproduct_cat&post=999"},{"taxonomy":"product_tag","embeddable":true,"href":"https:\/\/promoalge.com.br\/index.php?rest_route=%2Fwp%2Fv2%2Fproduct_tag&post=999"}],"curies":[{"name":"wp","href":"https:\/\/api.w.org\/{rel}","templated":true}]}}